{"id":3639,"date":"2022-06-29T18:48:06","date_gmt":"2022-06-29T15:48:06","guid":{"rendered":"https:\/\/experientialsynapse.com\/?page_id=3639"},"modified":"2022-08-04T15:45:18","modified_gmt":"2022-08-04T12:45:18","slug":"calin-sas-2","status":"publish","type":"page","link":"https:\/\/experientialsynapse.com\/index.php\/en\/calin-sas-2\/","title":{"rendered":"CALIN SAS"},"content":{"rendered":"<div class=\"fusion-fullwidth fullwidth-box fusion-builder-row-1 fusion-flex-container fusion-parallax-none nonhundred-percent-fullwidth non-hundred-percent-height-scrolling lazyload\" style=\"background-color: #000000;background-image:linear-gradient(148deg, #000000 62%,rgba(0,0,0,0.7) 87%);background-position: center bottom;background-repeat: no-repeat;border-width: 0px 0px 0px 0px;border-color:#e2e2e2;border-style:solid;-webkit-background-size:cover;-moz-background-size:cover;-o-background-size:cover;background-size:cover;\" data-bg=\"https:\/\/experientialsynapse.com\/wp-content\/uploads\/2022\/02\/Untitled-design-13-300x189.png\" data-bg-gradient=\"linear-gradient(148deg, #000000 62%,rgba(0,0,0,0.7) 87%)\" ><div class=\"fusion-builder-row fusion-row fusion-flex-align-items-stretch\" style=\"max-width:1248px;margin-left: calc(-4% \/ 2 );margin-right: calc(-4% \/ 2 );\"><div class=\"fusion-layout-column fusion_builder_column fusion-builder-column-0 fusion_builder_column_1_3 1_3 fusion-flex-column fusion-animated\" data-animationType=\"fadeInRight\" data-animationDuration=\"1.3\" data-animationOffset=\"top-into-view\"><div class=\"fusion-column-wrapper fusion-flex-justify-content-center fusion-content-layout-column\" style=\"background-position:center center;background-blend-mode: multiply;background-repeat:no-repeat;-webkit-background-size:cover;-moz-background-size:cover;-o-background-size:cover;background-size:cover;padding: 0px 0px 0px 0px;\"><div style=\"text-align:center;\"><style>.fusion-imageframe.imageframe-1 img{aspect-ratio:1 \/ 1;}<\/style><span class=\" fusion-imageframe imageframe-none imageframe-1 hover-type-none has-aspect-ratio\"><img decoding=\"async\" width=\"300\" height=\"300\" title=\"Untitled design-19\" src=\"https:\/\/experientialsynapse.com\/wp-content\/uploads\/2022\/06\/Untitled-design-19.png\" data-orig-src=\"https:\/\/experientialsynapse.com\/wp-content\/uploads\/2022\/06\/Untitled-design-19-300x300.png\" class=\"lazyload img-responsive wp-image-3520 img-with-aspect-ratio\" alt srcset=\"data:image\/svg+xml,%3Csvg%20xmlns%3D%27http%3A%2F%2Fwww.w3.org%2F2000%2Fsvg%27%20width%3D%271080%27%20height%3D%271080%27%20viewBox%3D%270%200%201080%201080%27%3E%3Crect%20width%3D%271080%27%20height%3D%271080%27%20fill-opacity%3D%220%22%2F%3E%3C%2Fsvg%3E\" data-srcset=\"https:\/\/experientialsynapse.com\/wp-content\/uploads\/2022\/06\/Untitled-design-19-200x200.png 200w, https:\/\/experientialsynapse.com\/wp-content\/uploads\/2022\/06\/Untitled-design-19-400x400.png 400w, https:\/\/experientialsynapse.com\/wp-content\/uploads\/2022\/06\/Untitled-design-19-600x600.png 600w, https:\/\/experientialsynapse.com\/wp-content\/uploads\/2022\/06\/Untitled-design-19-800x800.png 800w, https:\/\/experientialsynapse.com\/wp-content\/uploads\/2022\/06\/Untitled-design-19.png 1080w\" data-sizes=\"auto\" data-orig-sizes=\"(max-width: 414px) 100vw, 400px\" \/><\/span><\/div><div ><style>.fusion-imageframe.imageframe-2{ margin-top : 10%;margin-bottom : 10%;}.fusion-imageframe.imageframe-2 img{aspect-ratio:1 \/ 1;}<\/style><span class=\" fusion-imageframe imageframe-none imageframe-2 hover-type-none has-aspect-ratio\"><img decoding=\"async\" width=\"300\" height=\"300\" alt=\"Synapse Talks | Redeeming the Time\" title=\"Synapse Talks | Episode 1\" src=\"https:\/\/experientialsynapse.com\/wp-content\/uploads\/2022\/06\/synapse-talk-1.jpg\" data-orig-src=\"https:\/\/experientialsynapse.com\/wp-content\/uploads\/2022\/06\/synapse-talk-1-300x300.jpg\" class=\"lazyload img-responsive wp-image-3553 img-with-aspect-ratio\" srcset=\"data:image\/svg+xml,%3Csvg%20xmlns%3D%27http%3A%2F%2Fwww.w3.org%2F2000%2Fsvg%27%20width%3D%271080%27%20height%3D%271080%27%20viewBox%3D%270%200%201080%201080%27%3E%3Crect%20width%3D%271080%27%20height%3D%271080%27%20fill-opacity%3D%220%22%2F%3E%3C%2Fsvg%3E\" data-srcset=\"https:\/\/experientialsynapse.com\/wp-content\/uploads\/2022\/06\/synapse-talk-1-200x200.jpg 200w, https:\/\/experientialsynapse.com\/wp-content\/uploads\/2022\/06\/synapse-talk-1-400x400.jpg 400w, https:\/\/experientialsynapse.com\/wp-content\/uploads\/2022\/06\/synapse-talk-1-600x600.jpg 600w, https:\/\/experientialsynapse.com\/wp-content\/uploads\/2022\/06\/synapse-talk-1-800x800.jpg 800w, https:\/\/experientialsynapse.com\/wp-content\/uploads\/2022\/06\/synapse-talk-1.jpg 1080w\" data-sizes=\"auto\" data-orig-sizes=\"(max-width: 414px) 100vw, 400px\" \/><\/span><\/div><\/div><style type=\"text\/css\">.fusion-body .fusion-builder-column-0{width:33.333333333333% !important;margin-top : 0px;margin-bottom : 0px;}.fusion-builder-column-0 > .fusion-column-wrapper {padding-top : 0px !important;padding-right : 0px !important;margin-right : 20.16%;padding-bottom : 0px !important;padding-left : 0px !important;margin-left : 5.76%;}@media only screen and (max-width:1280px) {.fusion-body .fusion-builder-column-0{width:40% !important;order : 0;}.fusion-builder-column-0 > .fusion-column-wrapper {margin-right : 9.6%;margin-left : 4.8%;}}@media only screen and (max-width:414px) {.fusion-body .fusion-builder-column-0{width:100% !important;order : 0;margin-bottom : 40px;}.fusion-builder-column-0 > .fusion-column-wrapper {margin-right : 1.92%;margin-left : 1.92%;}}<\/style><\/div><div class=\"fusion-layout-column fusion_builder_column fusion-builder-column-1 fusion_builder_column_2_3 2_3 fusion-flex-column fusion-animated\" data-animationType=\"fadeInLeft\" data-animationDuration=\"1.3\" data-animationOffset=\"top-into-view\"><div class=\"fusion-column-wrapper fusion-flex-justify-content-center fusion-content-layout-column\" style=\"background-position:left top;background-repeat:no-repeat;-webkit-background-size:cover;-moz-background-size:cover;-o-background-size:cover;background-size:cover;padding: 0px 0px 0px 0px;\"><style type=\"text\/css\">.fusion-title.fusion-title-1 .fusion-animated-texts-wrapper::before{background-color:var(--awb-color5)!important}@media only screen and (max-width:1280px) {.fusion-title.fusion-title-1{margin-top:10px!important; margin-right:0px!important;margin-bottom:30px!important;margin-left:0px!important;}}@media only screen and (max-width:414px) {.fusion-title.fusion-title-1{margin-top:10px!important; margin-right:0px!important;margin-bottom:10px!important; margin-left:0px!important;}}<\/style><div class=\"fusion-title title fusion-title-1 fusion-sep-none fusion-title-rotating fusion-loop-on fusion-title-typeIn fusion-title-size-three fusion-animated\" style=\"font-size:40px;margin-top:10px;margin-right:0px;margin-bottom:30px;margin-left:0px;\" data-animationType=\"flash\" data-animationDuration=\"0.3\" data-animationOffset=\"top-mid-of-view\"><h3 class=\"title-heading-left fusion-responsive-typography-calculated\" style=\"font-family:&quot;SYNAPSE GEOMETRY&quot;;font-weight:400;margin:0;font-size:1em;letter-spacing:-2px;color:var(--awb-color5);--fontSize:40;line-height:0.75;\"><span class=\"fusion-animated-text-prefix\"><\/span> <span class=\"fusion-animated-texts-wrapper\" style=\"text-align: center;\" data-length=\"char\" data-minDisplayTime=\"600\"><span class=\"fusion-animated-texts\"><span data-in-effect=\"typeIn\" class=\"fusion-animated-text\" data-in-sequence=\"true\" data-out-reverse=\"true\" data-out-effect=\"typeOut\">CALIN SAS<\/span><\/span><\/span> <span class=\"fusion-animated-text-postfix\"><\/span><\/h3><\/div><style type=\"text\/css\">@media only screen and (max-width:1280px) {.fusion-title.fusion-title-2{margin-top:10px!important; margin-right:0px!important;margin-bottom:30px!important;margin-left:0px!important;}}@media only screen and (max-width:414px) {.fusion-title.fusion-title-2{margin-top:10px!important; margin-right:0px!important;margin-bottom:10px!important; margin-left:0px!important;}}<\/style><div class=\"fusion-title title fusion-title-2 fusion-sep-none fusion-title-text fusion-title-size-three\" style=\"font-size:20px;margin-top:10px;margin-right:0px;margin-bottom:30px;margin-left:0px;\"><h3 class=\"title-heading-left fusion-responsive-typography-calculated\" style=\"font-family:&quot;SYNAPSE GEOMETRY&quot;;font-weight:400;margin:0;font-size:1em;color:#ffffff;--fontSize:20;line-height:1;\">Fondator Halucinarium\u00a0 | Fondator Synapse<\/h3><\/div><div class=\"fusion-text fusion-text-1 fusion-text-no-margin\" style=\"font-size:16px;line-height:20px;letter-spacing:0px;color:var(--awb-color2);margin-bottom:45px;\"><p style=\"text-align: left;\">&#8222;Momentele \u00een care arta \u015fi cultura unei civiliza\u0163ii au prosperat \u00een tandem cu marile descoperiri \u015ftiin\u0163ifice \u015fi progresul societ\u0103\u0163ii prin evolu\u0163ia tehnologic\u0103. Rom\u00e2nia are acest atu \u00een prezent, de a avea profesioni\u015fti de excep\u0163ie care contribuie la dezvoltarea noilor tehnologii \u015fi de a fi receptiv\u0103 la utilizarea lor interconectat\u0103 \u00een multiple sectoare de activitate \u2013 un fenomen ce anun\u0163\u0103 cea mai important\u0103 transformare la scar\u0103 global\u0103 din ultimele secole, at\u00e2t din punct de vedere economic, c\u00e2t \u015fi cultural.<\/p>\n<p style=\"text-align: left;\">Probabil c\u0103 vor mai trece c\u00e2\u0163iva ani p\u00e2n\u0103 c\u00e2nd publicul \u0219i investitorii autohtoni vor concepe duoul creativitate \u015fi tehnologie \u2013 sau art\u0103 \u015fi \u015ftiin\u0163\u0103 \u2013 ca fiind inseparabil, \u00eens\u0103 Halucinarium \u00ee\u015fi asum\u0103 \u00eentocmai aceast\u0103 munc\u0103 de pionierat, oferind arti\u015ftilor emergen\u0163i acces la tehnologii avansate \u015fi cunoa\u015fterea specializat\u0103 prin colabor\u0103ri interdisciplinare, precum \u015fi o platform\u0103 de vizibilitate pentru practici artistice \u00een medii non-tradi\u0163ionale, precum new media, art\u0103 digital\u0103, instala\u0163ii multimedia \u015fi performance.<\/p>\n<p style=\"text-align: left;\">Instinctul \u00eemi spune c\u0103 foarte cur\u00e2nd arta, ca \u015fi tehnologia, va fi indispensabil\u0103, f\u0103c\u00e2nd astfel un arc \u00een timp, spre vremurile c\u00e2nd artistul era \u015faman, un p\u0103rinte spiritual care te c\u0103l\u0103uze\u015fte \u00een a-\u0163i des\u0103v\u00e2r\u015fi destinul. \u00cen absen\u0163a unei tradi\u0163ii de colaborare \u00eentre arti\u015fti \u015fi oameni de afaceri, provocarea const\u0103 \u00een a identifica partenerii cu viziune, dispu\u015fi s\u0103-\u015fi asume rolul de mecenat, care s\u0103 suplineasc\u0103 absen\u0163a actorilor locali responsabili cu preg\u0103tirea tehnic\u0103 \u015fi conceptual\u0103 a noilor genera\u0163ii de arti\u015fti.<\/p>\n<p style=\"text-align: left;\">Probabil c\u0103 vor mai trece c\u00e2\u0163iva ani p\u00e2n\u0103 c\u00e2nd publicul \u0219i investitorii autohtoni vor concepe duoul creativitate \u015fi tehnologie \u2013 sau art\u0103 \u015fi \u015ftiin\u0163\u0103 \u2013 ca fiind inseparabil, \u00eens\u0103 Halucinarium \u00ee\u015fi asum\u0103 \u00eentocmai aceast\u0103 munc\u0103 de pionierat, oferind arti\u015ftilor emergen\u0163i acces la tehnologii avansate \u015fi cunoa\u015fterea specializat\u0103 prin colabor\u0103ri interdisciplinare, precum \u015fi o platform\u0103 de vizibilitate pentru practici artistice \u00een medii non-tradi\u0163ionale, precum new media, art\u0103 digital\u0103, instala\u0163ii multimedia \u015fi performance.<\/p>\n<p style=\"text-align: left;\">Instinctul \u00eemi spune c\u0103 foarte cur\u00e2nd arta, ca \u015fi tehnologia, va fi indispensabil\u0103, f\u0103c\u00e2nd astfel un arc \u00een timp, spre vremurile c\u00e2nd artistul era \u015faman, un p\u0103rinte spiritual care te c\u0103l\u0103uze\u015fte \u00een a-\u0163i des\u0103v\u00e2r\u015fi destinul. \u00cen absen\u0163a unei tradi\u0163ii de colaborare \u00eentre arti\u015fti \u015fi oameni de afaceri, provocarea const\u0103 \u00een a identifica partenerii cu viziune, dispu\u015fi s\u0103-\u015fi asume rolul de mecenat, care s\u0103 suplineasc\u0103 absen\u0163a actorilor locali responsabili cu preg\u0103tirea tehnic\u0103 \u015fi conceptual\u0103 a noilor genera\u0163ii de arti\u015fti.&#8221;<\/p>\n<\/div><\/div><style type=\"text\/css\">.fusion-body .fusion-builder-column-1{width:66.666666666667% !important;margin-top : 0px;margin-bottom : 0px;}.fusion-builder-column-1 > .fusion-column-wrapper {padding-top : 0px !important;padding-right : 0px !important;margin-right : 2.88%;padding-bottom : 0px !important;padding-left : 0px !important;margin-left : 2.88%;}@media only screen and (max-width:1280px) {.fusion-body .fusion-builder-column-1{width:60% !important;order : 0;margin-top : 2vw;margin-bottom : 2vw;}.fusion-builder-column-1 > .fusion-column-wrapper {margin-right : 3.2%;margin-left : 3.2%;}}@media only screen and (max-width:414px) {.fusion-body .fusion-builder-column-1{width:100% !important;order : 1;}.fusion-builder-column-1 > .fusion-column-wrapper {margin-right : 1.92%;margin-left : 1.92%;}}<\/style><\/div><\/div><style type=\"text\/css\">.fusion-fullwidth.fusion-builder-row-1 a:not(.awb-custom-text-color):not(.fusion-button):not(.fusion-builder-module-control):not(.fusion-social-network-icon):not(.fb-icon-element):not(.fusion-countdown-link):not(.fusion-rollover-link):not(.fusion-rollover-gallery):not(.fusion-button-bar):not(.add_to_cart_button):not(.show_details_button):not(.product_type_external):not(.fusion-view-cart):not(.fusion-quick-view):not(.fusion-rollover-title-link):not(.fusion-breadcrumb-link) , .fusion-fullwidth.fusion-builder-row-1 a:not(.awb-custom-text-color):not(.fusion-button):not(.fusion-builder-module-control):not(.fusion-social-network-icon):not(.fb-icon-element):not(.fusion-countdown-link):not(.fusion-rollover-link):not(.fusion-rollover-gallery):not(.fusion-button-bar):not(.add_to_cart_button):not(.show_details_button):not(.product_type_external):not(.fusion-view-cart):not(.fusion-quick-view):not(.fusion-rollover-title-link):not(.fusion-breadcrumb-link):before, .fusion-fullwidth.fusion-builder-row-1 a:not(.awb-custom-text-color):not(.fusion-button):not(.fusion-builder-module-control):not(.fusion-social-network-icon):not(.fb-icon-element):not(.fusion-countdown-link):not(.fusion-rollover-link):not(.fusion-rollover-gallery):not(.fusion-button-bar):not(.add_to_cart_button):not(.show_details_button):not(.product_type_external):not(.fusion-view-cart):not(.fusion-quick-view):not(.fusion-rollover-title-link):not(.fusion-breadcrumb-link):after {color: #007c89;}.fusion-fullwidth.fusion-builder-row-1 a:not(.awb-custom-text-hover-color):not(.fusion-button):not(.fusion-builder-module-control):not(.fusion-social-network-icon):not(.fb-icon-element):not(.fusion-countdown-link):not(.fusion-rollover-link):not(.fusion-rollover-gallery):not(.fusion-button-bar):not(.add_to_cart_button):not(.show_details_button):not(.product_type_external):not(.fusion-view-cart):not(.fusion-quick-view):not(.fusion-rollover-title-link):not(.fusion-breadcrumb-link):hover, .fusion-fullwidth.fusion-builder-row-1 a:not(.awb-custom-text-hover-color):not(.fusion-button):not(.fusion-builder-module-control):not(.fusion-social-network-icon):not(.fb-icon-element):not(.fusion-countdown-link):not(.fusion-rollover-link):not(.fusion-rollover-gallery):not(.fusion-button-bar):not(.add_to_cart_button):not(.show_details_button):not(.product_type_external):not(.fusion-view-cart):not(.fusion-quick-view):not(.fusion-rollover-title-link):not(.fusion-breadcrumb-link):hover:before, .fusion-fullwidth.fusion-builder-row-1 a:not(.awb-custom-text-hover-color):not(.fusion-button):not(.fusion-builder-module-control):not(.fusion-social-network-icon):not(.fb-icon-element):not(.fusion-countdown-link):not(.fusion-rollover-link):not(.fusion-rollover-gallery):not(.fusion-button-bar):not(.add_to_cart_button):not(.show_details_button):not(.product_type_external):not(.fusion-view-cart):not(.fusion-quick-view):not(.fusion-rollover-title-link):not(.fusion-breadcrumb-link):hover:after {color: #005663;}.fusion-fullwidth.fusion-builder-row-1 .pagination a.inactive:hover, .fusion-fullwidth.fusion-builder-row-1 .fusion-filters .fusion-filter.fusion-active a {border-color: #005663;}.fusion-fullwidth.fusion-builder-row-1 .pagination .current {border-color: #005663; background-color: #005663;}.fusion-fullwidth.fusion-builder-row-1 .fusion-filters .fusion-filter.fusion-active a, .fusion-fullwidth.fusion-builder-row-1 .fusion-date-and-formats .fusion-format-box, .fusion-fullwidth.fusion-builder-row-1 .fusion-popover, .fusion-fullwidth.fusion-builder-row-1 .tooltip-shortcode {color: #005663;}#wrapper .fusion-fullwidth.fusion-builder-row-1 .fusion-widget-area .fusion-vertical-menu-widget .menu li.current_page_ancestor > a, #wrapper .fusion-fullwidth.fusion-builder-row-1 .fusion-widget-area .fusion-vertical-menu-widget .menu li.current_page_ancestor > a:before, #wrapper .fusion-fullwidth.fusion-builder-row-1 .fusion-widget-area .fusion-vertical-menu-widget .current-menu-item > a, #wrapper .fusion-fullwidth.fusion-builder-row-1 .fusion-widget-area .fusion-vertical-menu-widget .current-menu-item > a:before, #wrapper .fusion-fullwidth.fusion-builder-row-1 .fusion-widget-area .fusion-vertical-menu-widget .current_page_item > a, #wrapper .fusion-fullwidth.fusion-builder-row-1 .fusion-widget-area .fusion-vertical-menu-widget .current_page_item > a:before {color: #005663;}#wrapper .fusion-fullwidth.fusion-builder-row-1 .fusion-widget-area .widget_nav_menu .menu li.current_page_ancestor > a, #wrapper .fusion-fullwidth.fusion-builder-row-1 .fusion-widget-area .widget_nav_menu .menu li.current_page_ancestor > a:before, #wrapper .fusion-fullwidth.fusion-builder-row-1 .fusion-widget-area .widget_nav_menu .current-menu-item > a, #wrapper .fusion-fullwidth.fusion-builder-row-1 .fusion-widget-area .widget_nav_menu .current-menu-item > a:before, #wrapper .fusion-fullwidth.fusion-builder-row-1 .fusion-widget-area .widget_nav_menu .current_page_item > a, #wrapper .fusion-fullwidth.fusion-builder-row-1 .fusion-widget-area .widget_nav_menu .current_page_item > a:before {color: #005663;}#wrapper .fusion-fullwidth.fusion-builder-row-1 .fusion-vertical-menu-widget .menu li.current_page_item > a { border-right-color:#005663;border-left-color:#005663;}#wrapper .fusion-fullwidth.fusion-builder-row-1 .fusion-widget-area .tagcloud a:hover { color: #fff; background-color: #005663;border-color: #005663;}#main .fusion-fullwidth.fusion-builder-row-1 .post .blog-shortcode-post-title a:hover {color: #005663;}.fusion-body .fusion-flex-container.fusion-builder-row-1{ padding-top : 60px;margin-top : 0px;padding-right : 0px;padding-bottom : 60px;margin-bottom : 0px;padding-left : 0px;}@media only screen and (max-width:1280px) {.fusion-body .fusion-flex-container.fusion-builder-row-1{ padding-top : 72px;padding-bottom : 72px;}}@media only screen and (max-width:414px) {.fusion-body .fusion-flex-container.fusion-builder-row-1{ padding-top : 48px;padding-bottom : 48px;padding-left : 30px;}}<\/style><\/div>\n","protected":false},"excerpt":{"rendered":"","protected":false},"author":2,"featured_media":3520,"parent":0,"menu_order":0,"comment_status":"closed","ping_status":"closed","template":"","meta":{"footnotes":""},"class_list":["post-3639","page","type-page","status-publish","has-post-thumbnail","hentry"],"_links":{"self":[{"href":"https:\/\/experientialsynapse.com\/index.php\/wp-json\/wp\/v2\/pages\/3639","targetHints":{"allow":["GET"]}}],"collection":[{"href":"https:\/\/experientialsynapse.com\/index.php\/wp-json\/wp\/v2\/pages"}],"about":[{"href":"https:\/\/experientialsynapse.com\/index.php\/wp-json\/wp\/v2\/types\/page"}],"author":[{"embeddable":true,"href":"https:\/\/experientialsynapse.com\/index.php\/wp-json\/wp\/v2\/users\/2"}],"replies":[{"embeddable":true,"href":"https:\/\/experientialsynapse.com\/index.php\/wp-json\/wp\/v2\/comments?post=3639"}],"version-history":[{"count":2,"href":"https:\/\/experientialsynapse.com\/index.php\/wp-json\/wp\/v2\/pages\/3639\/revisions"}],"predecessor-version":[{"id":4050,"href":"https:\/\/experientialsynapse.com\/index.php\/wp-json\/wp\/v2\/pages\/3639\/revisions\/4050"}],"wp:featuredmedia":[{"embeddable":true,"href":"https:\/\/experientialsynapse.com\/index.php\/wp-json\/wp\/v2\/media\/3520"}],"wp:attachment":[{"href":"https:\/\/experientialsynapse.com\/index.php\/wp-json\/wp\/v2\/media?parent=3639"}],"curies":[{"name":"wp","href":"https:\/\/api.w.org\/{rel}","templated":true}]}}